*p - p. Suppose z = -z - p. What is the remainder when (-199)/(-3) - 4/z is divided by 23?
21
Suppose 0 = o - 0*o - 100. Suppose -89*t + 92*t - 102 = 0. Calculate the remainder when o is divided by t.
32
Let r(i) be the first derivative of -6 + 19/3*i**3 + i**2 - i. What is the remainder when 38 is divided by r(1)?
18
Suppose -u - 119 = -4*y, 3*u = -y + 17 + 3. Calculate the remainder when y is divided by (10*-1)/((-1)/1).
9
Calculate the remainder when -35 + 71 - 4*(3 - 2) is divided by 4.
0
Let i = 275 + -171. What is the remainder when i is divided by 29?
17
Calculate the remainder when 28972/60 - (-6)/45 is divided by 27.
24
Suppose 9*h = -347 - 22. Let w = h - -88. Calculate the remainder when w is divided by 16.
15
Calculate the remainder when 184 is divided by ((-116)/(-12) - -11)/((-4)/(-6)).
29
Suppose -2*k - 2*y = -424, -3*k + 3*y + 258 = -360. Calculate the remainder when k is divided by 6.
5
Let d(z) = z**3 - 10*z**2 + 5*z - 23. Calculate the remainder when 78 is divided by d(10).
24
Suppose 0*p = q - p - 8, -3*p = -4*q + 27. Suppose 4*k + y = -2*y + 44, -3*k + 12 = -q*y. What is the remainder when 28 is divided by k?
4
Suppose -13 = -u + 3*y - 1, -15 = 5*y. Let i(a) = -a**3 + 4*a**2 - 5*a + 4. Let v be i(u). What is the remainder when 13 is divided by (v/4)/((-2)/20)?
3
Let m(d) = -d**2 + 17*d + 12. Let p be m(12). What is the remainder when 14 is divided by (p/27)/(2/3)?
2
Let a = 1950 - 1818. Calculate the remainder when 178 is divided by a.
46
Suppose -16*m - 100 = -21*m. Calculate the remainder when ((-1)/2 + 0)/((-8)/1232) is divided by m.
17
Let p(r) = 23*r + 1019. Calculate the remainder when 256 is divided by p(-44).
4
Let l(y) = -y**3 + 14*y**2 - y + 22. Calculate the remainder when l(12) is divided by 25.
23
Suppose -21 + 105 = 4*g - 2*x, g + 3*x = 35. What is the remainder when 36 is divided by g?
13
Suppose 10 = 4*m + n, 4*m - n + 2 = 8. Suppose -2*p - m*p = -36. Suppose 6*w - 3*w - p = 0. Calculate the remainder when w is divided by 1.
0
Let i(u) = u**2 - 2*u + 1. Let g = 3 - 6. Suppose -3*x + x - 5*r = -17, 2 = 2*r. What is the remainder when i(g) is divided by x?
4
Let t(s) = 12*s**2 - 5*s - 12. Calculate the remainder when 307 is divided by t(3).
64
Let j(w) = -w**3 - 2*w + 6. Let k be j(0). Let c be (-9)/15 + k/10. Suppose c*i - 8*i + 168 = 0. Calculate the remainder when i is divided by 14.
7
Suppose 2*t = -4*w - t + 299, 2*w = t + 147. Suppose 134 + 94 = 12*u. What is the remainder when w is divided by u?
17
Let t(y) = 32*y + 264. Let n(b) = 9*b**2 - 2*b + 3. Calculate the remainder when t(-5) is divided by n(2).
34
Suppose 63*m - 55*m - 1864 = 0. What is the remainder when m is divided by 27?
17
Suppose -2*p - 3*p - h = -500, -4*p = -3*h - 419. Calculate the remainder when p is divided by 26.
23
Let x(a) be the first derivative of -47*a**2/2 - 9*a + 25. What is the remainder when 148 is divided by x(-1)?
34
Suppose 19378 = 20*w + 3818. What is the remainder when w is divided by 6?
4
Let l(c) = -c**2 + 8*c + 7. Let x be l(-3). Let g = -24 - x. What is the remainder when 4 is divided by g?
0
Let x(z) = -798*z + 13 + 3*z**2 + 395*z - z**2 + 400*z. Calculate the remainder when 38 is divided by x(0).
12
Suppose 0*o - 122 = 2*o. Let j = o + 109. What is the remainder when j is divided by 13?
9
Let l(i) = i**2 + 6*i - 80. What is the remainder when 94 is divided by l(7)?
6
Let f = -14 + 42. What is the remainder when 1*(f/12)/((-2)/(-126)) is divided by 37?
36
Let c(o) = -4*o - 34. Let y be c(-12). Calculate the remainder when (-2)/y + (-497)/(-49) is divided by 3.
1
Calculate the remainder when 51 is divided by 0 + 17 - (8 + -4).
12
Suppose -5*x = 61 - 326. Suppose -x = -7*y + 6*y. What is the remainder when y is divided by 9?
8
Suppose 0 = 6*j + 62 - 296. Calculate the remainder when (-1)/(-3) + (-1419)/(-9) + -3 is divided by j.
38
Suppose 4*r - 120 = 96. What is the remainder when r is divided by -155*9*17/(-765)?
23
Let q(y) = -2*y**2 + 30*y - 17. What is the remainder when 907 is divided by q(13)?
32
Let f be 13311/54 - (-2)/(-4). Suppose -6*d + 4*d + f = 0. Calculate the remainder when d is divided by 31.
30
Let o be (-92)/5 + ((-90)/(-25))/9. What is the remainder when 9 is divided by (-64)/12*o/12?
1
Suppose 3*v = 2*v + 22. Let h = 52 + -50. Suppose 71 + 13 = h*x. Calculate the remainder when x is divided by v.
20
Suppose -967 = -3*h - 2*z + 4*z, 5*h = 5*z + 1615. What is the remainder when h is divided by 9?
6
Suppose 0 = -3*z - p + 331, 107 = 5*z + 5*p - 448. What is the remainder when z is divided by 61?
49
Calculate the remainder when (-34)/(-170) - ((-2)/(-8) - (-1882)/(-40)) is divided by (-2)/1*(-6 - 0).
11
Let s = -226 - -355. What is the remainder when s is divided by (1*11)/(12 - (-315)/(-27))?
30
What is the remainder when 82 is divided by 70/21*(-6)/(-20)*24?
10
Let i = 78 - -150. Calculate the remainder when i is divided by 7.
4
Suppose 3*b - 2 = -4*s + 30, -2*b = -4*s + 32. Let v(l) = -l**2 + 9*l - 6. Let p be v(s). Calculate the remainder when 31 is divided by (154/21)/(p/3).
9
Suppose 3*f - f - 3*d = 258, -4*d = 0. Let z = f - 82. Let q = -10 + 20. Calculate the remainder when z is divided by q.
7
Let u(w) be the first derivative of 7*w**2 + 2. Suppose -3*m - 2 = -32. What is the remainder when u(2) is divided by m?
8
Suppose -z = -9*z + 304. Calculate the remainder when 51 is divided by z.
13
Suppose -17*c + 347 + 61 = 0. What is the remainder when 377 is divided by c?
17
Suppose -7*g + 624 = -3*g. Let c = -80 + g. Let f = c + -50. Calculate the remainder when f is divided by 7.
5
Let w(h) = h**2 - 7*h + 5. Let k be w(6). Calculate the remainder when (-8)/(-6)*(-7 + (-230)/(-5)) is divided by k + 15/(1 - 0).
10
Suppose 0 = -1113*h + 1110*h + 111. Calculate the remainder when 56 is divided by h.
19
Suppose -b - 14 = -4*p + 16, 5*p = b + 37. Suppose -y + 0*a - a = 16, 0 = -2*y + 3*a - 57. What is the remainder when 2/(-7) - (489/y - 2) is divided by p?
4
Suppose -4*l = -5*l - 2*u + 38, 0 = -3*l + u + 114. Let s(v) = 2*v - 6 - 6*v - 2 + 102*v**2 - 101*v**2. Calculate the remainder when l is divided by s(7).
12
Let x = -83 + 86. Suppose 0 = 4*r - p - 52, -x*p = 5*r - 5*p - 62. Calculate the remainder when 54 is divided by r.
12
Suppose -k - 7 = 4*x - 1, 3*k - 4 = -x. Let n = 22 + x. What is the remainder when ((-154)/(-8))/(2/8) is divided by n?
17
Let l(c) = -c**3 + 19*c**2 - 17*c - 5. Let x(p) = 6*p**3 - 2*p. Let d be x(-2). Let w = d + 82. Calculate the remainder when w is divided by l(18).
12
Suppose 5*f - 95 = 4*q, -f - f + 41 = -q. Suppose 68 = 4*o + 4*r, 4*o - 2*r - 73 = -f. What is the remainder when 68 is divided by o?
12
Suppose -196 = -o + b, 2*o + 26*b - 408 = 24*b. What is the remainder when o is divided by 101?
99
Let w(y) = -y**3 - 4*y**2 + 2*y + 17. What is the remainder when 250 is divided by w(-4)?
7
Let k = 52 + 52. What is the remainder when k is divided by 23?
12
Suppose 10 - 3 = a + 2*f, 0 = a + 3*f - 9. Let z = 6 + -3. Suppose -3*h + 68 - 5 = z*v, -4*v = 5*h - 89. Calculate the remainder when v is divided by a.
1
Suppose 0 = -9*d - 22 + 202. Suppose d = -7*p + 104. Calculate the remainder when 20 is divided by p.
8
Let i = 9 - 4. What is the remainder when 16*13/((-156)/(-24)) is divided by i?
2
Let q = 170 + -150. Calculate the remainder when q is divided by 3.
2
Let u be 12/(-9)*234/(-4). Suppose -4*w + 125 = 5*r, -2*w + 7*w - 75 = -3*r. Calculate the remainder when r is divided by 6/(-18)*u/(-2).
12
Suppose -3*u + 2*d = -1245, 5*u + 8*d - 2059 = 6*d. Calculate the remainder when u is divided by 26.
23
Suppose -3*k + 5 = -73. What is the remainder when 337 is divided by k?
25
Let v = -538 + 617. What is the remainder when v is divided by 27?
25
What is the remainder when -7*1/(-7) + 275 is divided by 40?
36
Suppose -3*c + 6*c - 120 = 0. Suppose -61 = -3*x - s, -5*x - 4*s - 92 = -9*x. Calculate the remainder when c is divided by x.
19
Let r = -2 - -14. Let q = -10 + 35. Suppose 3 - q = -w. Calculate the remainder when w is divided by r.
10
Let g = -78 - -40. Let q = -34 - g. What is the remainder when 9 is divided by q?
1
What is the remainder when 121 is divided by 2/(-4)*-50 - 0?
21
Let x(r) = r**2 + r + 3. Suppose 3*o = 6*o - 75. Suppose 0 = -4*z + o + 23. Calculat